{"id":6,"date":"2016-11-22T20:46:32","date_gmt":"2016-11-22T20:46:32","guid":{"rendered":"http:\/\/szmydcoaching.com\/?page_id=6"},"modified":"2016-12-14T20:59:34","modified_gmt":"2016-12-14T20:59:34","slug":"o-mnie","status":"publish","type":"page","link":"http:\/\/szmydcoaching.com\/?page_id=6","title":{"rendered":"O mnie"},"content":{"rendered":"<p>Po d\u0142ugiej <a href=\"http:\/\/www.sylwesterszmyd.pl\/\" target=\"_blank\">zawodowej karierze<\/a> postanowi\u0142em zaj\u0105\u0107 si\u0119 tym co mnie w pracy kolarza zawodowego poci\u0105ga\u0142o i pasjonowa\u0142o zawsze najbardziej: przygotowaniem fizycznym i psychologicznym zawodnika.<\/p>\n<p>Wiedz\u0119 i do\u015bwiadczenie zdobyte przez 16 lat \u015bcigania si\u0119 w Word Tourowych dru\u017cynach kolarskich chc\u0119 przekaza\u0107 dalej. Nie wa\u017cne czy \u015bcigasz si\u0119 na rowerze czy tylko je\u017adzisz dla przyjemno\u015bci. Wa\u017cne, \u017ce stawiasz sobie cele a ja pomog\u0119 Ci je osi\u0105gn\u0105\u0107.<\/p>\n<p>Nie zatrzymuj\u0105c si\u0119 tylko na zdobytej wiedzy praktycznej, wci\u0105\u017c si\u0119 dokszta\u0142cam i zdobywam jak najwi\u0119ksz\u0105 wiedz\u0119 teoretyczn\u0105 z zakresu fizjologi wysi\u0142ku sportowego i wszelkich aspekt\u00f3w z tym zwi\u0105zanych. Od dw\u00f3ch lat studiuj\u0119 na WSKFiT w Pruszkowie, w zesz\u0142ym roku uzyska\u0142em przy PZKol stopie\u0144 Instruktora Sportu w kolarstwie oraz UCI Sport Director Diploma w Aigle w siedzibie UCI.<\/p>\n<p><a href=\"https:\/\/i0.wp.com\/szmydcoaching.com\/wp-content\/uploads\/2016\/11\/szlwas.jpg\"><img data-recalc-dims=\"1\" loading=\"lazy\" decoding=\"async\" data-attachment-id=\"161\" data-permalink=\"http:\/\/szmydcoaching.com\/?attachment_id=161\" data-orig-file=\"https:\/\/i0.wp.com\/szmydcoaching.com\/wp-content\/uploads\/2016\/11\/szlwas.jpg?fit=300%2C377\" data-orig-size=\"300,377\" data-comments-opened=\"0\" data-image-meta=\"{&quot;aperture&quot;:&quot;0&quot;,&quot;credit&quot;:&quot;&quot;,&quot;camera&quot;:&quot;&quot;,&quot;caption&quot;:&quot;&quot;,&quot;created_timestamp&quot;:&quot;0&quot;,&quot;copyright&quot;:&quot;&quot;,&quot;focal_length&quot;:&quot;0&quot;,&quot;iso&quot;:&quot;0&quot;,&quot;shutter_speed&quot;:&quot;0&quot;,&quot;title&quot;:&quot;&quot;,&quot;orientation&quot;:&quot;0&quot;}\" data-image-title=\"szlwas\" data-image-description=\"\" data-image-caption=\"\" data-medium-file=\"https:\/\/i0.wp.com\/szmydcoaching.com\/wp-content\/uploads\/2016\/11\/szlwas.jpg?fit=300%2C377\" data-large-file=\"https:\/\/i0.wp.com\/szmydcoaching.com\/wp-content\/uploads\/2016\/11\/szlwas.jpg?fit=300%2C377\" class=\"alignleft wp-image-161\" src=\"https:\/\/i0.wp.com\/szmydcoaching.com\/wp-content\/uploads\/2016\/11\/szlwas.jpg?resize=150%2C189\" alt=\"szlwas\" height=\"189\" width=\"150\" srcset=\"https:\/\/i0.wp.com\/szmydcoaching.com\/wp-content\/uploads\/2016\/11\/szlwas.jpg?w=300 300w, https:\/\/i0.wp.com\/szmydcoaching.com\/wp-content\/uploads\/2016\/11\/szlwas.jpg?resize=167%2C210 167w\" sizes=\"auto, (max-width: 150px) 100vw, 150px\" \/><\/a><a href=\"http:\/\/www.sylwesterszmyd.pl\/\" target=\"_blank\">Sylwester Szmyd<\/a>&nbsp; Karier\u0119 rozpocz\u0105\u0142 w 2001. W peletonie znany by\u0142 jako jeden z najlepszych g\u00f3rskich gregario (pol. pomocnik\u00f3w), specjalizowa\u0142 si\u0119 w je\u017adzie po g\u00f3rach. W swojej karierze rozpocz\u0105\u0142 i uko\u0144czy\u0142 23 Grand Tour\u00f3w. W 2004 roku startowa\u0142 na igrzyskach olimpijskich w Atenach.<br \/>\nSwoje pierwsze zwyci\u0119stwo etapowe w zawodowej karierze odni\u00f3s\u0142 11 czerwca 2009 podczas wy\u015bcigu Crit\u00e9rium du Dauphin\u00e9 wygrywaj\u0105c jego 5. etap po morderczej wspinaczce na legendarny podjazd Mont Ventoux.<\/p>\n","protected":false},"excerpt":{"rendered":"<p>Po d\u0142ugiej zawodowej karierze postanowi\u0142em zaj\u0105\u0107 si\u0119 tym co mnie w pracy kolarza zawodowego poci\u0105ga\u0142o i pasjonowa\u0142o zawsze najbardziej: przygotowaniem fizycznym i psychologicznym zawodnika. Wiedz\u0119 i do\u015bwiadczenie zdobyte przez 16 lat \u015bcigania si\u0119 w Word Tourowych dru\u017cynach kolarskich chc\u0119 przekaza\u0107 dalej. Nie wa\u017cne czy \u015bcigasz si\u0119 na rowerze czy tylko je\u017adzisz dla przyjemno\u015bci. Wa\u017cne, \u017ce [&hellip;]<\/p>\n","protected":false},"author":1,"featured_media":0,"parent":0,"menu_order":1,"comment_status":"closed","ping_status":"closed","template":"","meta":{"ngg_post_thumbnail":0,"jetpack_post_was_ever_published":false,"footnotes":""},"class_list":["post-6","page","type-page","status-publish","hentry"],"jetpack_sharing_enabled":true,"jetpack_shortlink":"https:\/\/wp.me\/P89kKh-6","jetpack-related-posts":[],"_links":{"self":[{"href":"http:\/\/szmydcoaching.com\/index.php?rest_route=\/wp\/v2\/pages\/6","targetHints":{"allow":["GET"]}}],"collection":[{"href":"http:\/\/szmydcoaching.com\/index.php?rest_route=\/wp\/v2\/pages"}],"about":[{"href":"http:\/\/szmydcoaching.com\/index.php?rest_route=\/wp\/v2\/types\/page"}],"author":[{"embeddable":true,"href":"http:\/\/szmydcoaching.com\/index.php?rest_route=\/wp\/v2\/users\/1"}],"replies":[{"embeddable":true,"href":"http:\/\/szmydcoaching.com\/index.php?rest_route=%2Fwp%2Fv2%2Fcomments&post=6"}],"version-history":[{"count":11,"href":"http:\/\/szmydcoaching.com\/index.php?rest_route=\/wp\/v2\/pages\/6\/revisions"}],"predecessor-version":[{"id":235,"href":"http:\/\/szmydcoaching.com\/index.php?rest_route=\/wp\/v2\/pages\/6\/revisions\/235"}],"wp:attachment":[{"href":"http:\/\/szmydcoaching.com\/index.php?rest_route=%2Fwp%2Fv2%2Fmedia&parent=6"}],"curies":[{"name":"wp","href":"https:\/\/api.w.org\/{rel}","templated":true}]}}

<p>Po długiej <a href="http://www.sylwesterszmyd.pl/" target="_blank">zawodowej karierze</a> postanowiłem zająć się tym co mnie w pracy kolarza zawodowego pociągało i pasjonowało zawsze najbardziej: przygotowaniem fizycznym i psychologicznym zawodnika.</p>
<p>Wiedzę i doświadczenie zdobyte przez 16 lat ścigania się w Word Tourowych drużynach kolarskich chcę przekazać dalej. Nie ważne czy ścigasz się na rowerze czy tylko jeździsz dla przyjemności. Ważne, że stawiasz sobie cele a ja pomogę Ci je osiągnąć.</p>
<p>Nie zatrzymując się tylko na zdobytej wiedzy praktycznej, wciąż się dokształcam i zdobywam jak największą wiedzę teoretyczną z zakresu fizjologi wysiłku sportowego i wszelkich aspektów z tym związanych. Od dwóch lat studiuję na WSKFiT w Pruszkowie, w zeszłym roku uzyskałem przy PZKol stopień Instruktora Sportu w kolarstwie oraz UCI Sport Director Diploma w Aigle w siedzibie UCI.</p>
<p><a href="https://i0.wp.com/szmydcoaching.com/wp-content/uploads/2016/11/szlwas.jpg"><img data-recalc-dims="1" loading="lazy" decoding="async" data-attachment-id="161" data-permalink="http://szmydcoaching.com/?attachment_id=161" data-orig-file="https://i0.wp.com/szmydcoaching.com/wp-content/uploads/2016/11/szlwas.jpg?fit=300%2C377" data-orig-size="300,377" data-comments-opened="0" data-image-meta="{&quot;aperture&quot;:&quot;0&quot;,&quot;credit&quot;:&quot;&quot;,&quot;camera&quot;:&quot;&quot;,&quot;caption&quot;:&quot;&quot;,&quot;created_timestamp&quot;:&quot;0&quot;,&quot;copyright&quot;:&quot;&quot;,&quot;focal_length&quot;:&quot;0&quot;,&quot;iso&quot;:&quot;0&quot;,&quot;shutter_speed&quot;:&quot;0&quot;,&quot;title&quot;:&quot;&quot;,&quot;orientation&quot;:&quot;0&quot;}" data-image-title="szlwas" data-image-description="" data-image-caption="" data-medium-file="https://i0.wp.com/szmydcoaching.com/wp-content/uploads/2016/11/szlwas.jpg?fit=300%2C377" data-large-file="https://i0.wp.com/szmydcoaching.com/wp-content/uploads/2016/11/szlwas.jpg?fit=300%2C377" class="alignleft wp-image-161" src="https://i0.wp.com/szmydcoaching.com/wp-content/uploads/2016/11/szlwas.jpg?resize=150%2C189" alt="szlwas" height="189" width="150" srcset="https://i0.wp.com/szmydcoaching.com/wp-content/uploads/2016/11/szlwas.jpg?w=300 300w, https://i0.wp.com/szmydcoaching.com/wp-content/uploads/2016/11/szlwas.jpg?resize=167%2C210 167w" sizes="auto, (max-width: 150px) 100vw, 150px" /></a><a href="http://www.sylwesterszmyd.pl/" target="_blank">Sylwester Szmyd</a>&nbsp; Karierę rozpoczął w 2001. W peletonie znany był jako jeden z najlepszych górskich gregario (pol. pomocników), specjalizował się w jeździe po górach. W swojej karierze rozpoczął i ukończył 23 Grand Tourów. W 2004 roku startował na igrzyskach olimpijskich w Atenach.<br />
Swoje pierwsze zwycięstwo etapowe w zawodowej karierze odniósł 11 czerwca 2009 podczas wyścigu Critérium du Dauphiné wygrywając jego 5. etap po morderczej wspinaczce na legendarny podjazd Mont Ventoux.</p>

<p>Po długiej zawodowej karierze postanowiłem zająć się tym co mnie w pracy kolarza zawodowego pociągało i pasjonowało zawsze najbardziej: przygotowaniem fizycznym i psychologicznym zawodnika. Wiedzę i doświadczenie zdobyte przez 16 lat ścigania się w Word Tourowych drużynach kolarskich chcę przekazać dalej. Nie ważne czy ścigasz się na rowerze czy tylko jeździsz dla przyjemności. Ważne, że [&hellip;]</p>
